**3 - 43*g**2 + 50. Let p be l(43). Let c be (0 + (-9)/(-15))*5. Suppose 0 = j - c*q - 874, 2*q + p - 909 = -j. Is j a composite number?
True
Let m = 643 + -135. Suppose -m = -u - u - 3*z, 0 = -5*z - 10. Is u composite?
False
Let y be (60/3)/(4/(-6)). Let p be (48/y)/(4/(-30)). Is p/6*(-38)/(-4) composite?
False
Suppose 2*g = -1597 + 273. Let m = g + 1003. Is m a prime number?
False
Suppose -18*d = -52766 - 34732. Is d a composite number?
False
Let h = 26053 + 20208. Is h a prime number?
True
Is 355/(-142)*4*8402/(-20) composite?
False
Let v(w) = 151*w**2 + 4*w - 25. Is v(8) a composite number?
True
Suppose -3*b + 3878 = 58*c - 56*c, 0 = c + 2*b - 1938. Is c a composite number?
True
Let t be (-2422)/(-70) - 2/(-5). Suppose -3*r + t = -5*s, 2*s - 5 + 23 = 2*r. Suppose -9*l + r*l + 308 = 0. Is l composite?
True
Is 3 - 3 - 66/12*-1294 prime?
False
Let o(a) = a + 8. Let d be o(-3). Suppose 0 = 2*y + d*z - 658, 3*z - 650 = 3*y - 5*y. Is y a prime number?
False
Let k = 2572 - -7405. Is k a composite number?
True
Is 54/621 + 2942223/69 composite?
False
Let w be (-18)/(-24) - (-45)/4. Let c(k) = -7 - 16*k - 18 + w. Is c(-9) a composite number?
False
Suppose 6*p + 35385 - 87363 = 0. Is p composite?
False
Suppose -f = -i - 3, 0*i + i - 3*f = 3. Let d(x) = -20*x + 2. Is d(i) prime?
False
Let d = 24 + -19. Suppose 0 = -10*i + d*i + 155. Suppose f - 86 = -i. Is f a composite number?
True
Let w(t) = 5*t**3 + 5*t**2 + 8*t + 3. Let b(x) = x**3 + x. Let s(m) = 4*b(m) - w(m). Let r be s(-4). Is (-3070)/(-15) + (-1)/r prime?
False
Is (165/(-22) + 9)/((-3)/(-1114)) a composite number?
False
Let k(z) = 2*z - 2. Let u be k(3). Let h(o) = o**3 - 4*o**2 + 4. Let d be h(u). Is ((-9)/d)/(9/(-24)) a composite number?
True
Is (3/(-2))/((-138)/741428) composite?
False
Suppose -v = -6*v + 20. Suppose c - 4*r - 300 = -6*r, -r + 1536 = 5*c. Suppose 0 = 3*s - x + v*x - 483, -5*x - c = -2*s. Is s a composite number?
True
Suppose 74*p = 94*p - 15940. Is p a composite number?
False
Let s(z) = z**2 + 8*z - 11. Let m(o) = -o**3 - 8*o**2 + 10*o. Let g be m(-9). Let c be s(g). Is c/(-10) + (-10192)/(-65) a prime number?
True
Suppose -3*t + 123 - 819 = 0. Let u be (-1 - 0)/(4/1604). Let f = t - u. Is f prime?
False
Let s be 1/2*38 - -1. Suppose -3*o - 8 = -0*o - 5*p, 5*p = s. Let n(m) = 76*m + 3. Is n(o) a composite number?
False
Let f = 15 - 10. Suppose -5*m = -o - 259 + 5399, 20605 = 4*o - f*m. Suppose -4*n - n + o = 0. Is n composite?
False
Let z(a) = 2*a**3 + a**2 - 2*a + 1249. Is z(0) prime?
True
Suppose -24370 = -2*h + 4*d, -5*h - 8*d = -13*d - 60910. Is h composite?
True
Let m be 473/55 - (-3)/(-5). Suppose -m*b = -10*b + 606. Is b a composite number?
True
Let b(x) = -282*x**3 + 2*x**2 - 3*x - 2. Let r(t) = 423*t**3 - 3*t**2 + 4*t + 3. Let o(f) = 7*b(f) + 5*r(f). Is o(2) a composite number?
False
Let z(d) = 5*d - 25. Let j be z(5). Suppose 31*v - 33*v + 2234 = j. Is v a prime number?
True
Suppose -3 = 2*b - c - 15, 5*b - 29 = 2*c. Suppose -14 = -4*u - 5*o + 8, 3*o = 6. Suppose b*y - 86 = u*y. Is y a composite number?
False
Suppose -6*d = 12342 - 81876. Is d a prime number?
False
Suppose -u - 2*w + 6727 = 0, -u + 4130 = w - 2593. Is u prime?
True
Let c = -12 - -17. Suppose 0 = -7*u + 2*u + 5745. Suppose 4*r + 2*p - 1484 = 0, c*r + 4*p = u + 706. Is r composite?
True
Let a be 3*10*((-30)/(-4) - -2). Suppose 0 = -5*n + 4610 + a. Is n composite?
True
Is ((-18343)/(-8) + 13/104)/1 composite?
False
Suppose -2*s = 13*c - 10*c - 17173, -5*s - c = -42952. Suppose -4*m = 7*m - s. Is m a composite number?
True
Let l = -10 - -11. Is (l - -204) + (7 - 3) - 0 composite?
True
Let w(x) = -6*x**2 + 1. Let b be 24/(-40) + (-4)/10. Let z be w(b). Let c(i) = -i**3 - 2*i**2 + 5*i + 3. Is c(z) prime?
True
Let s(g) = 2*g**3 - 17*g**2 - 2*g + 5. Let c be s(13). Suppose c = -0*n + 5*n. Let v = n - 97. Is v prime?
False
Let b(q) = q**2 - 2. Suppose -u + 9 = -2*l - 1, -14 = -u + 3*l. Suppose -o + 50 = u*m + 3*m, -m + 4 = -o. Is b(m) a composite number?
False
Let o(c) = -6909*c**3 + 7*c**2 + 4*c - 9. Is o(-2) composite?
True
Let l(a) = -a**2 - 27*a - 25. Let j be l(-26). Suppose 4*m + 0*m = 444. Is m/9*(j + 20) a composite number?
True
Let c = -14 - -18. Suppose 2*u - 13 = 5*o, -c*u + 58 = -3*o - 3. Suppose r - 68 = -u. Is r prime?
False
Let h(a) = 1299*a**2 + 122*a - 49. Is h(16) a prime number?
True
Suppose -u + 322 = 5*j, 9*j - 4*j = 3*u - 1006. Suppose 3*i = 4*f + u - 5, i - 2*f - 107 = 0. Is i composite?
False
Let k(f) = 4*f - 6. Let x be k(5). Let r be 3 + x - (-8)/4. Suppose 4*s - 2*s = -2, 0 = -t - 4*s + r. Is t a prime number?
True
Let t = -2598 - -6647. Is t a composite number?
False
Let k = -5 + 5. Suppose k = t, 4*t - 221 - 95 = -4*m. Is m a prime number?
True
Suppose 7*u - 9376 = -45. Let i be (9/4)/((-2)/(-1728)). Let j = i - u. Is j composite?
True
Let v = 679 + -361. Suppose 3*a - 974 = -5*k, a - 5*k - v = -0*k. Suppose -5*h + a = x - 59, 9 = -3*x. Is h a prime number?
False
Let x = -11 - -32. Suppose s - x = -116. Let q = s - -141. Is q a composite number?
True
Let s be (-12)/(-28) - 1545/(-21). Let r = s + 23. Is r a composite number?
False
Suppose 53994 = 98*x - 92*x. Is x a composite number?
False
Let w be 28*69*(-4)/(-7). Suppose -w = -4*n + 148. Let p = -164 + n. Is p prime?
True
Let i be 1 + (-2 - -3)*2. Suppose 2*h = -3*b + 598, -h + 297 = i*b - b. Suppose 0*n + 2*n = -5*t + 523, 3*t = n + h. Is t composite?
False
Suppose 8*i = 3*i - 5. Is -628*i/2 + 6/(-2) a composite number?
False
Suppose -3*c + b + 10 = 0, 2*c + 4*b = c - 1. Suppose 6*h = c*h - 5*r + 383, 5*h = 2*r + 659. Is h a composite number?
False
Suppose -3*c = x - 4230, -x + 713 = -2*c + 3528. Is c prime?
True
Suppose -7*n - n + 11056 = 0. Is (-11)/(-2)*(n + -16) prime?
False
Let b = 8 - -2. Suppose 0 = 2*u + 3*u - b. Is u + -3 + (116 - 2) composite?
False
Let r(a) = 29*a + 1. Let w(o) = o**2 - 4*o. Let y be w(6). Let u be r(y). Suppose 4*h - 75 = u. Is h a composite number?
True
Suppose q + 24429 = 5*r, 4*r = -5*q + 8*q + 19552. Is r composite?
True
Let s = -211 - -249. Let q be 0 - 2/(-2) - -2. Suppose 0 = -5*d - r + 473, d - q*r + s = 123. Is d composite?
True
Suppose 2*b + 58820 = 8*c - 6*c, 2*b = 5*c - 147041. Is c prime?
False
Suppose -9*j = -4450 - 2633. Is j a composite number?
False
Let x = 559 - 4897. Let z = x + 6491. Is z prime?
True
Let y be (2 - 8)*(-2)/4. Suppose -2*q - 26 = 4*v, -3*v + 4*q = q - y. Is (2008/(-2))/v - -2 a prime number?
False
Let z be (-2 + (-112)/(-21))*(-12)/(-5). Suppose 5658 = -2*j + z*j. Is j composite?
True
Suppose 68756 = 16*c + 3972. Is c a composite number?
False
Suppose 3*d - 45 = -0*d. Let o = -12 + d. Let s(v) = 61*v + 4. Is s(o) prime?
False
Is (-1881054)/(-60) + (-3)/(-30) a prime number?
False
Let c = 3317 + -574. Suppose 3*n - 944 - c = 0. Is n a composite number?
False
Suppose 3*k + 679 = 4*k. Suppose 2*s - 156 = -z, -4*z + k = -2*s - s. Suppose -g - 2*g = -n - z, n = -1. Is g composite?
True
Let x(j) = -j**3 + 7*j**2 + 2*j - 12. Suppose 0 = 4*w - 5*w - 4*f - 1, -w - 3*f + 1 = 0. Let u be x(w). Suppose 4*g + 55 = o, -2*o - u*g = 2*g - 50. Is o prime?
False
Suppose -9*l - 3408 = -l. Is ((-24)/18)/(4/l) composite?
True
Let a = 53 - 41. Let z(o) = o**3 - 13*o**2 + 16*o - 15. Is z(a) composite?
True
Let o = 331 - 545. Let z be 1/(-1 - 30/(-27)). Is z/6*-2 - o composite?
False
Let m = -35 + 45. Let k(x) = x**3 - 7*x**2 + 8*x + 9. Is k(m) a composite number?
False
Suppose 5*r - 1066 - 1874 = 0. Let o be 1*(1/2 + 21/14). Suppose -w = 3*w - 2*p - r, 5*w - 753 = -o*p. Is w a prime number?
True
Let h = -8755 - -17994. Is h prime?
True
Let h = -9 + 12. Suppose 4*l + 4*a - 479 = 3*a, -h*l = -5*a - 342. Is l composite?
True
Suppose -2*o + 29841 = 5*c, -176*c - 3*o + 17901 = -173*c. Is c prime?
False
Let h(v) = 229*v**2 - 11*v + 67. Is h(5) prime?
True
Let h = -3227 + 7404. Is h a composite number?
False
Let g(i) = -3*i + 1. Let u be g(-8). Suppose 0*f + u = 5*f. Suppose f*q - 166 = -2*b, -b + 0*b = 2*q - 83. Is b a composite number?
False
Let o(d) = -d**3 - 10*d**2 - 2*d + 19. Let k(v) = 3*v**3 + 4*v**2 + 4*v + 4. Let a be k(-2). Is o(a) composite?
False
Let q(l) = 206*l + 9. Let h(d) = -412*d - 17. Let o(g) = 6*h(g) + 11*q(g). Is o(-2) a composite number?
False
Let s(f) = f**2 - 